3
Let d(t) = t**2 + 113*t - 6693. Give d(43).
15
Let m(w) = 22*w**3 - 15442*w**2 - 1408*w + 2849. Determine m(702).
41
Let a(d) = 1478*d + 138937. Determine a(-94).
5
Let u(i) = 2*i**3 - 95*i**2 - 139*i - 286. Determine u(49).
106
Let g(o) = -5*o**3 + 8*o**2 + 296*o - 318. Give g(8).
2
Let j(a) = a**2 - 245*a + 20524. What is j(139)?
5790
Let w(z) = z**2 + 104*z - 25518. Give w(-220).
2
Let p(c) = -3038241*c - 170141494. Calculate p(-56).
2
Let r(f) = -59*f**2 - 496*f + 235. Give r(-9).
-80
Let t(u) = 13332*u + 146227. What is t(-11)?
-425
Let i(t) = 13748*t - 95599. What is i(7)?
637
Let d(o) = 48745*o - 340992. What is d(7)?
223
Let j(q) = 11195*q - 66650. Determine j(6).
520
Let b(s) = -854471*s + 2563404. Calculate b(3).
-9
Let v(s) = 16*s**2 - 2172*s - 16653. Give v(143).
-65
Let a(h) = -13*h**2 - 257*h - 819. Give a(-4).
1
Let l(x) = -8*x + 120. Determine l(6).
72
Let m(p) = 971*p + 67965. Give m(-70).
-5
Let d(q) = 4*q**2 - 269*q - 2421. Give d(-11).
1022
Let m(c) = -3*c**2 + 100*c + 753. What is m(38)?
221
Let a(j) = -14136*j + 183569. Calculate a(13).
-199
Let k(r) = -379*r + 21796. Give k(56).
572
Let z(m) = m**3 - 418*m**2 - 42*m + 17438. Determine z(418).
-118
Let x(f) = 595*f + 3206. Give x(-6).
-364
Let z(r) = -28*r**3 - 39*r**2 + 16*r - 10. What is z(-2)?
26
Let b(x) = -7*x**2 + 817*x + 1062. Determine b(118).
0
Let h(b) = 4463*b - 18046. Determine h(4).
-194
Let h(x) = x**2 + 149*x + 1367. Determine h(-10).
-23
Let x(f) = f**2 - 8166*f - 48976. Calculate x(-6).
56
Let a(v) = 18*v**2 - 43*v - 138. Calculate a(-2).
20
Let k(d) = -15*d**3 + 510*d**2 + 7*d + 105. Calculate k(34).
343
Let c(w) = 3*w**2 - 457*w + 17214. Determine c(84).
-6
Let b(c) = 71*c**2 - 776*c - 3101. Give b(-4).
1139
Let z(w) = 8100948*w - 16201906. Determine z(2).
-10
Let h(o) = -323*o**2 + 78492*o - 744. Determine h(243).
-15
Let l(j) = -5*j**3 + 267*j**2 - 2473*j + 17831. Determine l(44).
11
Let h(p) = -7442*p + 66936. What is h(9)?
-42
Let x(p) = 95*p - 7045. Determine x(74).
-15
Let p(z) = 9*z**2 - 1171*z + 38078. What is p(64)?
-2
Let x(d) = -8440*d - 75967. Determine x(-9).
-7
Let n(b) = b**3 + 6*b**2 - 33*b - 227. Determine n(-6).
-29
Let s(p) = -45959*p - 46649. Determine s(-1).
-690
Let m(p) = 3184*p + 47853. Determine m(-15).
93
Let z(k) = 2*k**3 + 28*k**2 - 126*k + 446. What is z(-19)?
-770
Let u(b) = 1081*b + 8734. Give u(-8).
86
Let m(l) = 5284*l - 285342. Give m(54).
-6
Let u(z) = -575*z + 109793. Calculate u(191).
-32
Let c(s) = -s**3 + 16*s**2 - 83*s + 517. Determine c(11).
209
Let s(d) = -d**3 - 23*d**2 - 267*d - 1852. Determine s(-13).
-71
Let x(f) = -f**3 + 4*f**2 - 8559*f + 34239. Calculate x(4).
3
Let a(q) = 2*q**3 - 144*q**2 + 2560*q + 117. Determine a(31).
675
Let b(w) = -10595*w + 127137. Calculate b(12).
-3
Let x(w) = -49*w + 300. Determine x(6).
6
Let p(w) = 3365*w - 1396465. What is p(415)?
10
Let n(d) = -3*d**3 - 68*d**2 + 1681*d + 7661. Determine n(-4).
41
Let d(m) = -11137*m + 400923. What is d(36)?
-9
Let m(z) = 2865*z - 146118. Calculate m(51).
-3
Let z(t) = 3075*t - 6938. What is z(2)?
-788
Let y(p) = -51374*p + 462377. Give y(9).
11
Let w(y) = 76*y**2 - 22142*y - 36921. Calculate w(293).
-3
Let f(l) = -301045*l + 7827176. Calculate f(26).
6
Let c(f) = -357*f**2 + 31781*f - 5. Calculate c(89).
707
Let r(s) = -s**2 + 150*s + 28460. Calculate r(260).
-140
Let t(m) = -m**3 - 45*m**2 - 1968*m - 96913. Give t(-47).
1
Let j(s) = -4*s**3 + 536*s**2 - 500*s - 4388. Calculate j(133).
-132
Let c(t) = -t**2 - 3*t + 1632. Calculate c(-37).
374
Let r(s) = 2*s**2 + 2415*s + 54418. What is r(-23)?
-69
Let j(v) = v**2 + 144*v - 17075. What is j(-222)?
241
Let t(o) = -2170*o - 182340. Give t(-84).
-60
Let n(x) = 744*x - 20150. Determine n(30).
2170
Let x(d) = -5697*d + 2500979. Calculate x(439).
-4
Let s(c) = c**3 + 1034*c**2 - 568106*c - 397. Give s(397).
0
Let u(r) = 570*r - 100318. Determine u(176).
2
Let f(t) = t**2 - 110*t + 2291. What is f(68)?
-565
Let d(p) = p**2 + 77*p - 1003. What is d(11)?
-35
Let w(t) = t**3 + 461*t**2 + 3626*t + 17. Determine w(-8).
1
Let x(o) = 1307*o**2 + 50*o + 7. Give x(-1).
1264
Let d(u) = 55*u**2 - 76*u - 515. What is d(-6)?
1921
Let n(m) = m**2 - 86440*m - 518651. What is n(-6)?
25
Let g(h) = -158*h + 6726. Calculate g(42).
90
Let g(h) = 4*h**3 - 245*h**2 + 1305*h + 20. Calculate g(6).
-106
Let z(x) = -48615*x + 486168. Give z(10).
18
Let a(z) = -z**3 - 5*z**2 - 6841*z + 34346. What is a(5)?
-109
Let y(r) = -r**3 - 489*r**2 - 20011*r - 13759. Give y(-444).
5
Let n(y) = 3294*y**3 + 39527*y**2 - 13*y + 6. Determine n(-12).
18
Let o(l) = -4*l**2 - 71*l + 2527. What is o(-35)?
112
Let z(j) = 6494*j - 84480. Give z(13).
-58
Let x(h) = -3*h**3 + 95*h**2 - 335*h + 11. What is x(4)?
-1
Let s(t) = 6*t**2 - 68*t + 907. What is s(12)?
955
Let u(s) = s**3 + 89*s**2 - 414*s + 14875. Give u(-95).
55
Let g(f) = -5780*f + 2872659. Give g(497).
-1
Let y(a) = a**2 - 102*a + 2975. Give y(46).
399
Let b(o) = -o**3 - 99*o**2 - 1907*o - 656. Determine b(-73).
1
Let c(r) = -2*r**3 - 34*r**2 - 57*r - 320. Determine c(-16).
80
Let n(u) = -u**3 - 109*u**2 - 1233*u + 1452. Calculate n(-96).
12
Let t(a) = -4*a**2 + 1658*a - 171102. Determine t(194).
6
Let u(d) = 15*d**2 + 885*d + 6356. What is u(-50)?
-394
Let x(d) = 121*d - 1614. Give x(20).
806
Let s(u) = -u**3 - 25*u**2 - 51*u - 165. Give s(-24).
483
Let g(z) = z**3 - 14*z**2 + 22*z + 237. Calculate g(10).
57
Let p(a) = -2*a**2 - 1735*a + 31899. Give p(18).
21
Let f(d) = 2*d**3 + 147*d**2 - 218*d + 227. Calculate f(-75).
-298
Let c(p) = -p**2 - 52*p - 675. Calculate c(-22).
-15
Let a(p) = -530*p**2 + 3586*p + 865. What is a(7)?
-3
Let k(a) = 139007*a - 11537586. Give k(83).
-5
Let b(k) = -112946*k - 1581236. What is b(-14)?
8
Let a(h) = 9634*h + 192996. What is a(-20)?
316
Let x(d) = -d**3 - 60*d**2 + 356*d + 6406. Give x(-64).
6
Let m(u) = -6*u**3 + 67*u**2 + 34*u - 185. What is m(12)?
-497
Let t(u) = -u**3 + 108*u**2 - 236*u + 2173. What is t(106)?
-371
Let u(v) = -19*v**2 - 999*v - 1557. Give u(-51).
-27
Let n(h) = h**2 + 170561*h + 2046573. What is n(-12)?
-15
Let p(w) = -w**2 + 1604*w + 137. What is p(0)?
137
Let i(k) = -k**3 - 38*k**2 + 497*k + 29. Calculate i(-49).
2087
Let m(r) = 6*r**2 - 432*r + 4283. What is m(11)?
257
Let y(z) = -z**2 + 205*z - 6439. Calculate y(38).
-93
Let j(y) = 24535641*y + 171749491. Give j(-7).
4
Let q(m) = 5751*m + 28507. What is q(-5)?
-248
Let x(b) = b**3 + 373*b**2 + 34771*b - 870. Calculate x(-184).
50
Let i(n) = -13309*n - 199924. Calculate i(-15).
-289
Let h(n) = -10*n**3 + 1179*n**2 + 96*n + 2590. Determine h(118).
-6
Let h(o) = -2433*o + 1236040. Determine h(508).
76
Let v(c) = -2*c**3 - 57*c**2 - 16*c - 1290. Determine v(-28).
-1626
Let l(n) = -2*n**3 - 31*n**2 - 27*n - 156. Give l(-9).
-966
Let l(q) = 7*q**3 + 25*q**2 - 75*q - 240. What is l(-4)?
12
Let c(w) = w**3 - 10*w**2 + 5*w - 23. Calculate c(10).
27
Let y(f) = 7*f**2 - 425*f - 18452. Determine y(90).
-2
Let f(h) = -h**3 - 59*h**2 - 2306*h - 130375. Determine f(-58).
9
Let b(q) = -45722*q**2 + 45703*q - 6. Determine b(1).
-25
Let c(h) = -588*h + 46551. Give c(79).
99
Let y(w) = -2740*w**2 + 30176*w - 2. Determine y(11).
394
Let h(i) = -2*i**2 + 347*i - 5608. Calculate h(18).
-10
Let s(o) = -3589*o - 7120. What is s(-2)?
58
Let p(n) = -25038*n + 2128217. Give p(85).
-13
Let v(q) = -99*q**3 - 3*q**2 + 69*q - 65. Give v(1).
-98
Let z(m) = 72*m**2 + 3387*m - 6770. Determine z(2).
292
Let o(v) = 2*v**3 - 156*v**2 - 68*v - 7814. Calculate o(79).
-704
Let g(a) = 161*a**2 + 727*a - 5501. Calculate g(4).
-17
Let c(j) = 9*j**3 + 1792*j**2 + 194*j - 1035. Give c(-199).
-40
Let n(u) = -u**2 + 109*u + 28157. Calculate n(-122).
-25
Let x(z) = 2496*z - 399369. Determine x(160).
-9
Let v(k) = 369*k**2 + 3099*k + 3098. Determine v(-1).
368
Let j(k) = 162*k + 650. Calculate j(-4).
2
Let s(l) = -l**3 + 24*l**2 + 372*l - 8757. Calculate s(18).
-117
Let k(y) = -8*y + 1066. Give k(45).
706
Let t(n) = -n**2 + 926*n - 21631. Calculate t(24).
17
Let c(a) = a**3 - 450*a**2 + 3032*a - 163389. Calculate c(444).
3
Let y(b) = -b**3 - 65*b**2 + 20123*b - 897. Give y(113).
120
Let p(a) = -2*a**2 + 201*a - 1695. What is p(9)?
-48
Let d(r) = 2*r**2 + 50372*r - 1210123. Determine d(24).
-43
Let g(v) = 7436*v - 